{"id":4825,"date":"2019-01-13T17:09:12","date_gmt":"2019-01-13T17:09:12","guid":{"rendered":"http:\/\/hormigaradio.com\/wp-content\/uploads\/2019\/01\/Dimensi\u00f3n-M\u00f3vil-del-27-Concurso-de-Arte-Eduardo-Le\u00f3n-Jimenes.jpg"},"modified":"2019-01-13T17:09:12","modified_gmt":"2019-01-13T17:09:12","slug":"dimension-movil-del-27-concurso-de-arte-eduardo-leon-jimenes","status":"inherit","type":"attachment","link":"https:\/\/hormigaradio.com\/?attachment_id=4825","title":{"rendered":"Dimensi\u00f3n M\u00f3vil del 27 Concurso de Arte Eduardo Le\u00f3n Jimenes"},"author":3,"comment_status":"closed","ping_status":"closed","template":"","meta":[],"description":{"rendered":"<p class=\"attachment\"><a href='https:\/\/hormigaradio.com\/wp-content\/uploads\/2019\/01\/Dimensi\u00f3n-M\u00f3vil-del-27-Concurso-de-Arte-Eduardo-Le\u00f3n-Jimenes.jpg'><img width=\"300\" height=\"200\" src=\"https:\/\/hormigaradio.com\/wp-content\/uploads\/2019\/01\/Dimensi\u00f3n-M\u00f3vil-del-27-Concurso-de-Arte-Eduardo-Le\u00f3n-Jimenes-300x200.jpg\" class=\"attachment-medium size-medium\" alt=\"\" loading=\"lazy\" srcset=\"https:\/\/hormigaradio.com\/wp-content\/uploads\/2019\/01\/Dimensi\u00f3n-M\u00f3vil-del-27-Concurso-de-Arte-Eduardo-Le\u00f3n-Jimenes-300x200.jpg 300w, https:\/\/hormigaradio.com\/wp-content\/uploads\/2019\/01\/Dimensi\u00f3n-M\u00f3vil-del-27-Concurso-de-Arte-Eduardo-Le\u00f3n-Jimenes-768x512.jpg 768w, https:\/\/hormigaradio.com\/wp-content\/uploads\/2019\/01\/Dimensi\u00f3n-M\u00f3vil-del-27-Concurso-de-Arte-Eduardo-Le\u00f3n-Jimenes-1024x683.jpg 1024w, https:\/\/hormigaradio.com\/wp-content\/uploads\/2019\/01\/Dimensi\u00f3n-M\u00f3vil-del-27-Concurso-de-Arte-Eduardo-Le\u00f3n-Jimenes.jpg 1050w\" sizes=\"(max-width: 300px) 100vw, 300px\" \/><\/a><\/p>\n<p>Impactos: 46<\/p>"},"caption":{"rendered":"<p>Impactos: 46<\/p>\n"},"alt_text":"","media_type":"image","mime_type":"image\/jpeg","media_details":{"width":1050,"height":700,"file":"2019\/01\/Dimensi\u00f3n-M\u00f3vil-del-27-Concurso-de-Arte-Eduardo-Le\u00f3n-Jimenes.jpg","sizes":{"thumbnail":{"file":"Dimensi\u00f3n-M\u00f3vil-del-27-Concurso-de-Arte-Eduardo-Le\u00f3n-Jimenes-150x150.jpg","width":150,"height":150,"mime_type":"image\/jpeg","source_url":"https:\/\/hormigaradio.com\/wp-content\/uploads\/2019\/01\/Dimensi\u00f3n-M\u00f3vil-del-27-Concurso-de-Arte-Eduardo-Le\u00f3n-Jimenes-150x150.jpg"},"medium":{"file":"Dimensi\u00f3n-M\u00f3vil-del-27-Concurso-de-Arte-Eduardo-Le\u00f3n-Jimenes-300x200.jpg","width":300,"height":200,"mime_type":"image\/jpeg","source_url":"https:\/\/hormigaradio.com\/wp-content\/uploads\/2019\/01\/Dimensi\u00f3n-M\u00f3vil-del-27-Concurso-de-Arte-Eduardo-Le\u00f3n-Jimenes-300x200.jpg"},"medium_large":{"file":"Dimensi\u00f3n-M\u00f3vil-del-27-Concurso-de-Arte-Eduardo-Le\u00f3n-Jimenes-768x512.jpg","width":768,"height":512,"mime_type":"image\/jpeg","source_url":"https:\/\/hormigaradio.com\/wp-content\/uploads\/2019\/01\/Dimensi\u00f3n-M\u00f3vil-del-27-Concurso-de-Arte-Eduardo-Le\u00f3n-Jimenes-768x512.jpg"},"large":{"file":"Dimensi\u00f3n-M\u00f3vil-del-27-Concurso-de-Arte-Eduardo-Le\u00f3n-Jimenes-1024x683.jpg","width":1024,"height":683,"mime_type":"image\/jpeg","source_url":"https:\/\/hormigaradio.com\/wp-content\/uploads\/2019\/01\/Dimensi\u00f3n-M\u00f3vil-del-27-Concurso-de-Arte-Eduardo-Le\u00f3n-Jimenes-1024x683.jpg"},"colornews-big-slider":{"file":"Dimensi\u00f3n-M\u00f3vil-del-27-Concurso-de-Arte-Eduardo-Le\u00f3n-Jimenes-1050x470.jpg","width":1050,"height":470,"mime_type":"image\/jpeg","source_url":"https:\/\/hormigaradio.com\/wp-content\/uploads\/2019\/01\/Dimensi\u00f3n-M\u00f3vil-del-27-Concurso-de-Arte-Eduardo-Le\u00f3n-Jimenes-1050x470.jpg"},"colornews-big-slider-thumb":{"file":"Dimensi\u00f3n-M\u00f3vil-del-27-Concurso-de-Arte-Eduardo-Le\u00f3n-Jimenes-184x109.jpg","width":184,"height":109,"mime_type":"image\/jpeg","source_url":"https:\/\/hormigaradio.com\/wp-content\/uploads\/2019\/01\/Dimensi\u00f3n-M\u00f3vil-del-27-Concurso-de-Arte-Eduardo-Le\u00f3n-Jimenes-184x109.jpg"},"colornews-featured-post-medium":{"file":"Dimensi\u00f3n-M\u00f3vil-del-27-Concurso-de-Arte-Eduardo-Le\u00f3n-Jimenes-345x265.jpg","width":345,"height":265,"mime_type":"image\/jpeg","source_url":"https:\/\/hormigaradio.com\/wp-content\/uploads\/2019\/01\/Dimensi\u00f3n-M\u00f3vil-del-27-Concurso-de-Arte-Eduardo-Le\u00f3n-Jimenes-345x265.jpg"},"colornews-featured-post-small":{"file":"Dimensi\u00f3n-M\u00f3vil-del-27-Concurso-de-Arte-Eduardo-Le\u00f3n-Jimenes-115x73.jpg","width":115,"height":73,"mime_type":"image\/jpeg","source_url":"https:\/\/hormigaradio.com\/wp-content\/uploads\/2019\/01\/Dimensi\u00f3n-M\u00f3vil-del-27-Concurso-de-Arte-Eduardo-Le\u00f3n-Jimenes-115x73.jpg"},"colornews-random-posts":{"file":"Dimensi\u00f3n-M\u00f3vil-del-27-Concurso-de-Arte-Eduardo-Le\u00f3n-Jimenes-215x215.jpg","width":215,"height":215,"mime_type":"image\/jpeg","source_url":"https:\/\/hormigaradio.com\/wp-content\/uploads\/2019\/01\/Dimensi\u00f3n-M\u00f3vil-del-27-Concurso-de-Arte-Eduardo-Le\u00f3n-Jimenes-215x215.jpg"},"colornews-featured-image":{"file":"Dimensi\u00f3n-M\u00f3vil-del-27-Concurso-de-Arte-Eduardo-Le\u00f3n-Jimenes-715x400.jpg","width":715,"height":400,"mime_type":"image\/jpeg","source_url":"https:\/\/hormigaradio.com\/wp-content\/uploads\/2019\/01\/Dimensi\u00f3n-M\u00f3vil-del-27-Concurso-de-Arte-Eduardo-Le\u00f3n-Jimenes-715x400.jpg"},"full":{"file":"Dimensi\u00f3n-M\u00f3vil-del-27-Concurso-de-Arte-Eduardo-Le\u00f3n-Jimenes.jpg","width":1050,"height":700,"mime_type":"image\/jpeg","source_url":"https:\/\/hormigaradio.com\/wp-content\/uploads\/2019\/01\/Dimensi\u00f3n-M\u00f3vil-del-27-Concurso-de-Arte-Eduardo-Le\u00f3n-Jimenes.jpg"}},"image_meta":{"aperture":"8","credit":"","camera":"NIKON D7500","caption":"","created_timestamp":"1547150943","copyright":"","focal_length":"34","iso":"1600","shutter_speed":"0.016666666666667","title":"","orientation":"1","keywords":[]}},"post":4823,"source_url":"https:\/\/hormigaradio.com\/wp-content\/uploads\/2019\/01\/Dimensi\u00f3n-M\u00f3vil-del-27-Concurso-de-Arte-Eduardo-Le\u00f3n-Jimenes.jpg","_links":{"self":[{"href":"https:\/\/hormigaradio.com\/index.php?rest_route=\/wp\/v2\/media\/4825"}],"collection":[{"href":"https:\/\/hormigaradio.com\/index.php?rest_route=\/wp\/v2\/media"}],"about":[{"href":"https:\/\/hormigaradio.com\/index.php?rest_route=\/wp\/v2\/types\/attachment"}],"author":[{"embeddable":true,"href":"https:\/\/hormigaradio.com\/index.php?rest_route=\/wp\/v2\/users\/3"}],"replies":[{"embeddable":true,"href":"https:\/\/hormigaradio.com\/index.php?rest_route=%2Fwp%2Fv2%2Fcomments&post=4825"}]}}

http://hormigaradio.com/wp-content/uploads/2019/01/Dimensión-Móvil-del-27-Concurso-de-Arte-Eduardo-León-Jimenes.jpg

Dimensión Móvil del 27 Concurso de Arte Eduardo León Jimenes

<p class="attachment"><a href='https://hormigaradio.com/wp-content/uploads/2019/01/Dimensión-Móvil-del-27-Concurso-de-Arte-Eduardo-León-Jimenes.jpg'><img width="300" height="200" src="https://hormigaradio.com/wp-content/uploads/2019/01/Dimensión-Móvil-del-27-Concurso-de-Arte-Eduardo-León-Jimenes-300x200.jpg" class="attachment-medium size-medium" alt="" loading="lazy" srcset="https://hormigaradio.com/wp-content/uploads/2019/01/Dimensión-Móvil-del-27-Concurso-de-Arte-Eduardo-León-Jimenes-300x200.jpg 300w, https://hormigaradio.com/wp-content/uploads/2019/01/Dimensión-Móvil-del-27-Concurso-de-Arte-Eduardo-León-Jimenes-768x512.jpg 768w, https://hormigaradio.com/wp-content/uploads/2019/01/Dimensión-Móvil-del-27-Concurso-de-Arte-Eduardo-León-Jimenes-1024x683.jpg 1024w, https://hormigaradio.com/wp-content/uploads/2019/01/Dimensión-Móvil-del-27-Concurso-de-Arte-Eduardo-León-Jimenes.jpg 1050w" sizes="(max-width: 300px) 100vw, 300px" /></a></p>
<p>Impactos: 46</p>

2019/01/Dimensión-Móvil-del-27-Concurso-de-Arte-Eduardo-León-Jimenes.jpg

Dimensión-Móvil-del-27-Concurso-de-Arte-Eduardo-León-Jimenes-150x150.jpg

https://hormigaradio.com/wp-content/uploads/2019/01/Dimensión-Móvil-del-27-Concurso-de-Arte-Eduardo-León-Jimenes-150x150.jpg

Dimensión-Móvil-del-27-Concurso-de-Arte-Eduardo-León-Jimenes-300x200.jpg

https://hormigaradio.com/wp-content/uploads/2019/01/Dimensión-Móvil-del-27-Concurso-de-Arte-Eduardo-León-Jimenes-300x200.jpg

Dimensión-Móvil-del-27-Concurso-de-Arte-Eduardo-León-Jimenes-768x512.jpg

https://hormigaradio.com/wp-content/uploads/2019/01/Dimensión-Móvil-del-27-Concurso-de-Arte-Eduardo-León-Jimenes-768x512.jpg

Dimensión-Móvil-del-27-Concurso-de-Arte-Eduardo-León-Jimenes-1024x683.jpg

https://hormigaradio.com/wp-content/uploads/2019/01/Dimensión-Móvil-del-27-Concurso-de-Arte-Eduardo-León-Jimenes-1024x683.jpg

Dimensión-Móvil-del-27-Concurso-de-Arte-Eduardo-León-Jimenes-1050x470.jpg

https://hormigaradio.com/wp-content/uploads/2019/01/Dimensión-Móvil-del-27-Concurso-de-Arte-Eduardo-León-Jimenes-1050x470.jpg

Dimensión-Móvil-del-27-Concurso-de-Arte-Eduardo-León-Jimenes-184x109.jpg

https://hormigaradio.com/wp-content/uploads/2019/01/Dimensión-Móvil-del-27-Concurso-de-Arte-Eduardo-León-Jimenes-184x109.jpg

Dimensión-Móvil-del-27-Concurso-de-Arte-Eduardo-León-Jimenes-345x265.jpg

https://hormigaradio.com/wp-content/uploads/2019/01/Dimensión-Móvil-del-27-Concurso-de-Arte-Eduardo-León-Jimenes-345x265.jpg

Dimensión-Móvil-del-27-Concurso-de-Arte-Eduardo-León-Jimenes-115x73.jpg

https://hormigaradio.com/wp-content/uploads/2019/01/Dimensión-Móvil-del-27-Concurso-de-Arte-Eduardo-León-Jimenes-115x73.jpg

Dimensión-Móvil-del-27-Concurso-de-Arte-Eduardo-León-Jimenes-215x215.jpg

https://hormigaradio.com/wp-content/uploads/2019/01/Dimensión-Móvil-del-27-Concurso-de-Arte-Eduardo-León-Jimenes-215x215.jpg

Dimensión-Móvil-del-27-Concurso-de-Arte-Eduardo-León-Jimenes-715x400.jpg

https://hormigaradio.com/wp-content/uploads/2019/01/Dimensión-Móvil-del-27-Concurso-de-Arte-Eduardo-León-Jimenes-715x400.jpg

Dimensión-Móvil-del-27-Concurso-de-Arte-Eduardo-León-Jimenes.jpg

https://hormigaradio.com/wp-content/uploads/2019/01/Dimensión-Móvil-del-27-Concurso-de-Arte-Eduardo-León-Jimenes.jpg
