{"id":5607,"date":"2019-03-28T00:48:53","date_gmt":"2019-03-28T00:48:53","guid":{"rendered":"http:\/\/hormigaradio.com\/wp-content\/uploads\/2019\/03\/jade-gonz\u00e1lez-joven-de-16-a\u00f1os-asesinada-en-La-Vega.jpg"},"modified":"2019-03-28T00:48:53","modified_gmt":"2019-03-28T00:48:53","slug":"jade-gonzalez-joven-de-16-anos-asesinada-en-la-vega","status":"inherit","type":"attachment","link":"https:\/\/hormigaradio.com\/?attachment_id=5607","title":{"rendered":"jade gonz\u00e1lez, joven de 16 a\u00f1os asesinada en La Vega"},"author":3,"comment_status":"closed","ping_status":"closed","template":"","meta":[],"description":{"rendered":"<p class=\"attachment\"><a href='https:\/\/hormigaradio.com\/wp-content\/uploads\/2019\/03\/jade-gonz\u00e1lez-joven-de-16-a\u00f1os-asesinada-en-La-Vega.jpg'><img width=\"300\" height=\"285\" src=\"https:\/\/hormigaradio.com\/wp-content\/uploads\/2019\/03\/jade-gonz\u00e1lez-joven-de-16-a\u00f1os-asesinada-en-La-Vega-300x285.jpg\" class=\"attachment-medium size-medium\" alt=\"\" loading=\"lazy\" srcset=\"https:\/\/hormigaradio.com\/wp-content\/uploads\/2019\/03\/jade-gonz\u00e1lez-joven-de-16-a\u00f1os-asesinada-en-La-Vega-300x285.jpg 300w, https:\/\/hormigaradio.com\/wp-content\/uploads\/2019\/03\/jade-gonz\u00e1lez-joven-de-16-a\u00f1os-asesinada-en-La-Vega.jpg 320w\" sizes=\"(max-width: 300px) 100vw, 300px\" \/><\/a><\/p>\n<p>Impactos: 249<\/p>"},"caption":{"rendered":"<p>Impactos: 249<\/p>\n"},"alt_text":"","media_type":"image","mime_type":"image\/jpeg","media_details":{"width":320,"height":304,"file":"2019\/03\/jade-gonz\u00e1lez-joven-de-16-a\u00f1os-asesinada-en-La-Vega.jpg","sizes":{"thumbnail":{"file":"jade-gonz\u00e1lez-joven-de-16-a\u00f1os-asesinada-en-La-Vega-150x150.jpg","width":150,"height":150,"mime_type":"image\/jpeg","source_url":"https:\/\/hormigaradio.com\/wp-content\/uploads\/2019\/03\/jade-gonz\u00e1lez-joven-de-16-a\u00f1os-asesinada-en-La-Vega-150x150.jpg"},"medium":{"file":"jade-gonz\u00e1lez-joven-de-16-a\u00f1os-asesinada-en-La-Vega-300x285.jpg","width":300,"height":285,"mime_type":"image\/jpeg","source_url":"https:\/\/hormigaradio.com\/wp-content\/uploads\/2019\/03\/jade-gonz\u00e1lez-joven-de-16-a\u00f1os-asesinada-en-La-Vega-300x285.jpg"},"colornews-big-slider-thumb":{"file":"jade-gonz\u00e1lez-joven-de-16-a\u00f1os-asesinada-en-La-Vega-184x109.jpg","width":184,"height":109,"mime_type":"image\/jpeg","source_url":"https:\/\/hormigaradio.com\/wp-content\/uploads\/2019\/03\/jade-gonz\u00e1lez-joven-de-16-a\u00f1os-asesinada-en-La-Vega-184x109.jpg"},"colornews-featured-post-medium":{"file":"jade-gonz\u00e1lez-joven-de-16-a\u00f1os-asesinada-en-La-Vega-320x265.jpg","width":320,"height":265,"mime_type":"image\/jpeg","source_url":"https:\/\/hormigaradio.com\/wp-content\/uploads\/2019\/03\/jade-gonz\u00e1lez-joven-de-16-a\u00f1os-asesinada-en-La-Vega-320x265.jpg"},"colornews-featured-post-small":{"file":"jade-gonz\u00e1lez-joven-de-16-a\u00f1os-asesinada-en-La-Vega-115x73.jpg","width":115,"height":73,"mime_type":"image\/jpeg","source_url":"https:\/\/hormigaradio.com\/wp-content\/uploads\/2019\/03\/jade-gonz\u00e1lez-joven-de-16-a\u00f1os-asesinada-en-La-Vega-115x73.jpg"},"colornews-random-posts":{"file":"jade-gonz\u00e1lez-joven-de-16-a\u00f1os-asesinada-en-La-Vega-215x215.jpg","width":215,"height":215,"mime_type":"image\/jpeg","source_url":"https:\/\/hormigaradio.com\/wp-content\/uploads\/2019\/03\/jade-gonz\u00e1lez-joven-de-16-a\u00f1os-asesinada-en-La-Vega-215x215.jpg"},"full":{"file":"jade-gonz\u00e1lez-joven-de-16-a\u00f1os-asesinada-en-La-Vega.jpg","width":320,"height":304,"mime_type":"image\/jpeg","source_url":"https:\/\/hormigaradio.com\/wp-content\/uploads\/2019\/03\/jade-gonz\u00e1lez-joven-de-16-a\u00f1os-asesinada-en-La-Vega.jpg"}},"image_meta":{"aperture":"0","credit":"","camera":"","caption":"","created_timestamp":"0","copyright":"","focal_length":"0","iso":"0","shutter_speed":"0","title":"","orientation":"0","keywords":[]}},"post":5606,"source_url":"https:\/\/hormigaradio.com\/wp-content\/uploads\/2019\/03\/jade-gonz\u00e1lez-joven-de-16-a\u00f1os-asesinada-en-La-Vega.jpg","_links":{"self":[{"href":"https:\/\/hormigaradio.com\/index.php?rest_route=\/wp\/v2\/media\/5607"}],"collection":[{"href":"https:\/\/hormigaradio.com\/index.php?rest_route=\/wp\/v2\/media"}],"about":[{"href":"https:\/\/hormigaradio.com\/index.php?rest_route=\/wp\/v2\/types\/attachment"}],"author":[{"embeddable":true,"href":"https:\/\/hormigaradio.com\/index.php?rest_route=\/wp\/v2\/users\/3"}],"replies":[{"embeddable":true,"href":"https:\/\/hormigaradio.com\/index.php?rest_route=%2Fwp%2Fv2%2Fcomments&post=5607"}]}}

http://hormigaradio.com/wp-content/uploads/2019/03/jade-gonzález-joven-de-16-años-asesinada-en-La-Vega.jpg

jade gonzález, joven de 16 años asesinada en La Vega

<p class="attachment"><a href='https://hormigaradio.com/wp-content/uploads/2019/03/jade-gonzález-joven-de-16-años-asesinada-en-La-Vega.jpg'><img width="300" height="285" src="https://hormigaradio.com/wp-content/uploads/2019/03/jade-gonzález-joven-de-16-años-asesinada-en-La-Vega-300x285.jpg" class="attachment-medium size-medium" alt="" loading="lazy" srcset="https://hormigaradio.com/wp-content/uploads/2019/03/jade-gonzález-joven-de-16-años-asesinada-en-La-Vega-300x285.jpg 300w, https://hormigaradio.com/wp-content/uploads/2019/03/jade-gonzález-joven-de-16-años-asesinada-en-La-Vega.jpg 320w" sizes="(max-width: 300px) 100vw, 300px" /></a></p>
<p>Impactos: 249</p>

2019/03/jade-gonzález-joven-de-16-años-asesinada-en-La-Vega.jpg

jade-gonzález-joven-de-16-años-asesinada-en-La-Vega-150x150.jpg

https://hormigaradio.com/wp-content/uploads/2019/03/jade-gonzález-joven-de-16-años-asesinada-en-La-Vega-150x150.jpg

jade-gonzález-joven-de-16-años-asesinada-en-La-Vega-300x285.jpg

https://hormigaradio.com/wp-content/uploads/2019/03/jade-gonzález-joven-de-16-años-asesinada-en-La-Vega-300x285.jpg

jade-gonzález-joven-de-16-años-asesinada-en-La-Vega-184x109.jpg

https://hormigaradio.com/wp-content/uploads/2019/03/jade-gonzález-joven-de-16-años-asesinada-en-La-Vega-184x109.jpg

jade-gonzález-joven-de-16-años-asesinada-en-La-Vega-320x265.jpg

https://hormigaradio.com/wp-content/uploads/2019/03/jade-gonzález-joven-de-16-años-asesinada-en-La-Vega-320x265.jpg

jade-gonzález-joven-de-16-años-asesinada-en-La-Vega-115x73.jpg

https://hormigaradio.com/wp-content/uploads/2019/03/jade-gonzález-joven-de-16-años-asesinada-en-La-Vega-115x73.jpg

jade-gonzález-joven-de-16-años-asesinada-en-La-Vega-215x215.jpg

https://hormigaradio.com/wp-content/uploads/2019/03/jade-gonzález-joven-de-16-años-asesinada-en-La-Vega-215x215.jpg

jade-gonzález-joven-de-16-años-asesinada-en-La-Vega.jpg

https://hormigaradio.com/wp-content/uploads/2019/03/jade-gonzález-joven-de-16-años-asesinada-en-La-Vega.jpg
